s a(r)?
10
Let h(k) = 2*k - 3. Let v(i) = i**3 + 3*i - 2. Let y be v(2). Suppose 0*f = -4*f + y. Suppose 0*u = -f*u - 4*c - 23, -4 = 2*c. Calculate h(u).
-13
Suppose 5 + 7 = -k + 2*r, -5*k - 5*r = 0. Let x = 9 + -2. Let y(j) = j - 4*j + 4*j + x. What is y(k)?
3
Let t(z) be the third derivative of -z**8/20160 - z**7/840 - 7*z**6/720 - 23*z**5/30 - 5*z**2 + 1. Let b(x) be the third derivative of t(x). What is b(-5)?
-2
Let p = 7002 + -6998. Suppose m + 12 = 5*m. Let r(q) = 3*q - m + 0*q**2 - q**2 - q. Determine r(p).
-11
Let w(j) be the third derivative of 4*j**5/15 + j**4/24 - j**3/6 - 8*j**2. Determine w(1).
16
Let p(k) = -k**3 - k. Let o(j) = j**3 + j**2. Let a be o(-1). Let m be p(a). Suppose m = -3*s + 9*s. Let g(b) = b + 4. Determine g(s).
4
Let n(o) be the second derivative of -1/12*o**4 - o**3 - 3*o**2 + 2*o + 0. Calculate n(-6).
-6
Let r be (-342)/(-190) + 36/5. Let s(n) = n**3 - 9*n**2 - 1. Give s(r).
-1
Let s be (-280)/42*36/(-10). Suppose 3*a = -a + s. Let j(l) = l - 3. What is j(a)?
3
Let u(b) = -2*b**3 + 24*b**2 - 24*b + 17. Let p be u(11). Let t(r) = 4*r + 9. Determine t(p).
-11
Let b(o) = 2*o + 6. Let c(y) = -y. Let j(z) = -b(z) - 4*c(z). Let g = 6 - 0. Determine j(g).
6
Let o(i) = -2*i + 57. Let k(p) = 3*p - 56. Let u(j) = -5*k(j) - 6*o(j). What is u(-19)?
-5
Let h(i) be the first derivative of -i**4/4 - i**3/3 - i**2/2 - i - 2. Let k be 14 - (6 + 0 + -3). Suppose 5*v + 14 = -k, -12 = -4*u + 4*v. Give h(u).
5
Let d = 7 - 11. Let m be (d - 3)*(-18)/(-21). Let x(g) be the second derivative of g**3/6 + 4*g**2 + 10*g. Determine x(m).
2
Let d be 2/(-15) - 1115/75. Let x(c) = c**2 + 15*c - 14. Calculate x(d).
-14
Let c(k) be the first derivative of k**7/840 + k**6/120 - k**5/30 + k**4/8 + 10*k**3/3 - 29. Let x(f) be the third derivative of c(f). Calculate x(-4).
3
Let x = -16 + 5. Let q(o) = -o**2 + 43*o**3 + 4*o**2 - 44*o**3 + 16*o - 13*o**2 - 5*o. Give q(x).
0
Let z be 2/2 + 12/30*5. Let a(w) = -w**3 + 4*w**2 + w - 6. Let j be a(z). Let t(y) = -y**3 + 5*y**2 + 5*y + 3. Give t(j).
-3
Suppose -8*v + a = -3*v - 36, -2*v = -a - 12. Let d(i) = -i**3 + 85*i**2 - 39*i**2 - 5 + 8*i - 39*i**2. What is d(v)?
-5
Let n(h) = h**3 + 5*h**2 - 5*h + 5. Let o be n(-6). Let y(r) = -93*r + 35*r + 52*r. What is y(o)?
6
Let z be 3 + 1*(1 + -1)*-1. Let d(m) = -m**2 - m**z + 6*m**2 + m - 2 - 2*m**2. Give d(2).
4
Let p(h) = -h - 9. Let q(u) = 2*u**2 - 29*u + 6. Let t be q(14). What is p(t)?
-1
Let r(p) = -p**2 + 15*p. Let z be r(15). Let n(s) = z*s - 8 + 9 + s - 4. What is n(0)?
-3
Let m(o) = -o**3 - o + 7. Let z be 0/2 - (-3 - -2). Suppose r + 8 = -g + z, -4*r = 5*g + 32. Let c = r + 3. Determine m(c).
7
Let g(i) = i**2 + 6*i - 3. Let b = 2 - -19. Let y = b + -22. Let f be (6 + -5)/(y/7). Give g(f).
4
Let h(b) = 2*b - 32. Let p be h(17). Suppose 0 = -v - j + 6*j - 5, -3 = -v + j. Let t(a) = -a**3 + 0*a**3 + 4 + 6 - 3 - v*a**p + a. What is t(-5)?
2
Suppose -20 = -3*q + 5*s, -q - 3*s - 4 + 34 = 0. Suppose d + q = 8. Let m(t) = -t**3 - 6*t**2 + 7*t + 3. Determine m(d).
3
Let k(l) = l**2 - 3*l + 3. Let o = -309 + 304. Let w be (-7)/(-2)*1*2. Let z = w + o. Determine k(z).
1
Let s(o) = -5*o + 3. Let w = 17 + -8. Suppose -3*i + 1 = -c, 3*c - 7*c + w = i. What is s(c)?
-7
Let u(x) = -x**3 - 5*x**2 + 11*x + 6. Suppose 30*h - 63*h - 231 = 0. What is u(h)?
27
Let u(v) = -3*v. Let l be u(-1). Let i be (-1)/(-4) + -36*30/(-160). Let r(f) = l*f + i - 3 + 2. Give r(-4).
-6
Let m be -1 - (6/2 + -7). Let g(r) = 2*r - 3*r - r**3 + r**2 + 3 + 3*r. Determine g(m).
-9
Let m(i) = 38*i - 52. Let n(p) = -11*p + 17. Let q(k) = 2*m(k) + 7*n(k). Determine q(-11).
26
Suppose 0 = -f + 5*k + 27, -1 = -3*k - 13. Let q(y) = -5*y**2 - 9*y + 13. Let h(o) = -11*o**2 - 18*o + 27. Let t(g) = -6*h(g) + 13*q(g). Determine t(f).
-7
Let q(t) = -t**2 - 5*t + 3. Let p(m) = -m**3 - 2*m**2 + 4*m - 1. Let h be p(-3). What is q(h)?
7
Let g(k) = 2*k**3 + 2*k**2 - k - 1. Let d(i) = -3*i**3 + 3*i**2 + i + 11. Let u(p) = d(p) + 2*g(p). What is u(-7)?
16
Let b = 9 - 2. Let h(o) = -9 - 4*o**2 + 2*o**2 + 0*o + 8*o + 0*o**2 + o**2. What is h(b)?
-2
Let i(n) = 2*n**2 - 18*n + 13. Let q(c) = -12*c - 663. Let p be q(-56). Calculate i(p).
13
Let q(x) = -5*x**2 - 4*x - 10. Let f(h) = -h - 1. Let w(l) = 2*f(l) - q(l). Let i(s) = -2*s**2 - s - 3. Let p(k) = -8*i(k) - 3*w(k). Calculate p(-4).
8
Let h(u) = u**2 - 2*u - 1. Suppose v + 2*m = 3*m + 6, 0 = v + 2*m + 6. Determine h(v).
-1
Let q(g) = 19*g**3 + g. Let f be 10/(8 + 22)*(2 + 1). What is q(f)?
20
Let h(f) = f - 6. Let j(v) = 2*v + 27. Let b be j(-6). Calculate h(b).
9
Let n(a) be the first derivative of -a**3/3 + 19*a**2/2 + 3*a + 10. Let m be n(19). Suppose -10 = o + r, -m*r = -3*o - 0*o - 12. Let z(g) = g + 3. What is z(o)?
-4
Let v be ((-6)/18)/((-2)/(-30)). Let k(d) = -3*d - 5. Give k(v).
10
Let v(c) = -14*c - 21*c + 4 + 54*c - 21*c. Suppose 3*p + 5*q - 6 = 5, 0 = -2*p + q + 16. Calculate v(p).
-10
Let p(i) = 3*i**2 - 30*i - 40. Let b(h) = 2*h**2 - 15*h - 20. Let c(m) = 5*b(m) - 3*p(m). Determine c(-14).
6
Let q(v) = 4*v**2 + 2*v - 2. Let h(z) = z + 15. Let b be h(-13). Calculate q(b).
18
Let d(t) be the first derivative of 1/4*t**4 - t + 1/2*t**2 - 10 - t**3. What is d(3)?
2
Let t(z) be the first derivative of -z**4/2 + 2*z**3/3 - z - 16. What is t(-1)?
3
Let x(c) = 3*c - 2*c - 682*c**2 - 6 + 677*c**2 + c**3. Determine x(5).
-1
Let o be (-30)/9*(-9)/6. Let l be 3 + (10/o)/2. Let z(b) = -2*b**2 + 5*b + 4. Determine z(l).
-8
Suppose 4*j - 5*o = -2*o + 5, 4*j + 3*o = 35. Let a(i) = i**2 - 4*i - 8. Determine a(j).
-3
Suppose 0 = 11*a - 13*a + 4. Let h(c) = -c**2 + c - 1. Let m(t) = -8*t**2 + 7*t - 4. Let v(u) = -6*h(u) + m(u). What is v(a)?
-4
Let g(o) = 2*o**2 + o**3 + 2 - 1897*o + o**2 + 949*o + 949*o. Give g(-3).
-1
Let i(q) = 0*q + q + 0*q + 2. Let x(t) = -4 + 5*t + t**3 + 4 - 6 - 6*t**2. Let z be x(5). What is i(z)?
-4
Let o(t) be the second derivative of -t**4/12 - 5*t**3/6 - t**2 + 332*t. Suppose -4*a = -12, -2*i + i - 5*a = -10. Determine o(i).
-2
Let x(v) = v**3 + 5*v**2 + 1. Let q(z) = -5*z. Suppose 6*i = i + 25. Let k(w) = 6*w. Let h(a) = i*q(a) + 4*k(a). Let d be h(5). Give x(d).
1
Let m(i) be the third derivative of 25 + 2*i**2 + 0*i + 5/6*i**3 - 1/24*i**4. Give m(5).
0
Let o(l) = -2*l**2 + 6*l - 9. Let t(z) = -3*z**2 + 12*z - 16. Let i(w) = 5*o(w) - 3*t(w). What is i(4)?
-37
Let q(x) be the third derivative of -x**7/2520 - x**6/360 - x**5/120 + 3*x**4/8 - 7*x**2. Let g(r) be the second derivative of q(r). What is g(2)?
-9
Let m(v) = 3*v - 7. Let a be m(4). Let o be 1*(-3)/a*-1*5. Let h(i) = -i + 1. Calculate h(o).
-2
Let b = 28 - 42. Let s = -8 - b. Let f(k) = 0 - 4 + 2 + k. Determine f(s).
4
Suppose 0 = -c - 0*c - 23. Let h = c + 26. Let x(d) = d**h + 3*d**2 - 2*d**2 - d**2 + 3 + 4*d. Calculate x(-2).
-13
Let k(a) = -a**2 + 6*a + 3. Suppose -18 = -d - 5*p, 16*d - 18*d = -2*p. Calculate k(d).
12
Let o = -870 - -865. Let k(r) = -r**3 - 6*r**2 - 3*r - 3. Calculate k(o).
-13
Let u(m) = -3*m**2 - 11*m + 1. Let f(z) be the first derivative of -4*z**3/3 - 6*z**2 + 30. Let o(g) = 4*f(g) - 5*u(g). Suppose 4*h - 11 = 5. Calculate o(h).
7
Suppose 14 = 31*u - 32*u + 4*c, -2*c + 34 = -5*u. Let z(w) = w**2 + 6*w + 4. Give z(u).
4
Let n(p) = -p + 1. Suppose -4 = 2*r - 0. Let g be n(r). Let t(a) be the third derivative of -a**4/24 - a**3/3 - 14*a**2. Determine t(g).
-5
Let b(g) = -80*g + 165*g - g**3 + 1 - 3*g**2 - 82*g. Let s = -1 + 5. Suppose -z - s = -0*z. Determine b(z).
5
Let x(l) = -2*l**3 - 8*l**2 + 3*l**3 - 1 + 4*l**2 + 2*l. Let j(a) = -16*a - 1086. Let s be j(-68). What is x(s)?
-5
Let i = -289 - -287. Let n(a) be the second derivative of -7*a**3/6 + a**2 - 2*a. Give n(i).
16
Let i(n) = -n**2 + 4*n - 3. Suppose 2*t = -w + 5, 5*w + 14 = 3*t - 13. Suppose -31 = -t*c - 15. Determine i(c).
-3
Let q = -101 - -112. Let t(z) = z**2 + 5*z - 3. Let w(h) = -5*h**2 - 26*h + 16. Let m(l) = q*t(l) + 2*w(l). Calculate m(-3).
-1
Let k(a) = 7*a + 1. Let m(g) = 3*g**3 + 54*g**2 - 57*g - 3. Let c be m(-19). Calculate k(c).
-20
Let f(r) = 5*r + 4 - 3*r**2 + r**2 - 2 - r**3. Let k(l) = 2*l**2 + 18*l + 37. Let q be k(-4). Give f(q).
-4
Let j = 32 + -36. Let m(r) = -r - 2. Let s be m(-5). Let g(a) = -4 + 5*a**3 - 8*a**s - 4*a + 2*a**3 - 4*a**2 - 1. Determine g(j).
11
